(t) - 5*q(t). Is k(-23) a prime number?
True
Let c be (-108)/(-11) + -7*(-8)/308. Suppose 16*d = 11*d + c. Suppose -3*z + v = -9800, -2*v - 13070 = -2*z - d*z. Is z a prime number?
False
Suppose 0 = 4*l - 846 + 98. Let d = 112 - l. Let n = d - -1664. Is n prime?
False
Suppose 0 = 2093*x - 2249*x + 43495608. Is x a prime number?
False
Suppose 0 = 10*l - 9*l + 7, -5*x + 40310 = 5*l. Is x composite?
False
Let j(p) = -p**2 - p + 4. Let u be j(1). Suppose 15444 = 3*m + f, -4*m + u*f + 20608 = -2*f. Is m a composite number?
True
Let x be (-10 + 10)/((-6)/2). Suppose x = -21*n + 66917 + 202744. Is n composite?
False
Let o(l) = -528*l + 17. Let p be o(-6). Suppose -n - 3 = 0, -4*f + 2*f + n = -p. Is f a prime number?
False
Let y(g) be the first derivative of 2459*g**2/2 + 3*g - 101. Is y(4) composite?
False
Let r(q) = -5339*q + 7. Let a(w) = -2*w - 1. Let n(f) = 4*a(f) - r(f). Is n(2) a composite number?
False
Suppose 24*b + 8*b + 1914574 = 18611182. Is b prime?
False
Let w(v) = 371*v**3 - 7*v**2 + 7*v - 10. Let f = 74 + -71. Is w(f) a prime number?
False
Suppose -14*s + 12 = -15*s. Let c be ((-88)/s)/(1 + (-4)/6). Is (c + -284)*-1*(-2)/(-4) a prime number?
True
Let x be 0 + (-1 + 54)*(-2)/2. Let i = 62 + x. Is -2 - (1359/i)/(1*-1) composite?
False
Suppose -4*z - 4 = j - z, 2*z = 5*j - 14. Let b be (3 + -3 - j) + 0 - -10. Is (b/12)/(5/(4980/8)) prime?
True
Suppose 41*u + 1676 = 43*u. Suppose 0 = -62*c + 60*c + u. Is c a composite number?
False
Suppose -15*t = -9*t - 7956. Let m = t + -67. Is m composite?
False
Let b(j) = 8*j**2 - 49*j + 4. Let w be b(6). Is 0*w/(-16) + 1517 a prime number?
False
Suppose 0*g + 2*w = -4*g + 178240, 3*g - 133680 = 2*w. Suppose -19*m + 35*m = g. Is m composite?
True
Suppose -2*y - 2*g = -166, 2*y - 2*g - 135 = 15. Suppose 3*n = 5*k - 34 + y, k + 9 = 3*n. Is (-3991)/(-2*(-1 - k/6)) composite?
True
Let u(y) = -y**3 - 4*y**2 - 3. Let d be u(-5). Let z = d - 22. Suppose z = -21*v + 24*v - 2721. Is v a composite number?
False
Let y(m) = -56*m**3 - 6 + 5*m**2 + 8 + 42*m - 21. Is y(-8) prime?
False
Let w(p) = -2*p**3 + 9*p**2 + 15*p - 42. Let o be w(5). Suppose 0 = -o*d + 10*d - 8782. Is d composite?
False
Let m = -7652 + 17327. Let a = m - 4430. Is a a prime number?
False
Suppose -19*b = -6*b + 113165. Let p = -5482 - b. Is p prime?
False
Let c(u) be the first derivative of 43*u**4/12 + u**3/6 + 3*u**2/2 + 20*u + 28. Let l(d) be the first derivative of c(d). Is l(3) prime?
False
Let t be (-2)/(-5) - (-6 + (-11252)/20). Suppose t*b - 573*b + 1972 = 0. Is b a composite number?
True
Suppose 14*n - 316605 = -23635 + 148352. Is n prime?
False
Let b(t) = 4578*t**3 - t**2 - 10*t + 11. Is b(2) prime?
False
Let j be ((-6)/4)/(66/(-110))*2. Suppose 0 = 5*q + 5*o - 24645, -j*q = -q - 2*o - 19704. Let m = -2042 + q. Is m a prime number?
False
Suppose -3*i + 5*o + 16023 = 1524, -6 = -o. Is i prime?
False
Let j = 36843 + 200977. Suppose 0 = 5*z - g - j, 30697 = -3*z - 5*g + 173361. Is z a prime number?
True
Suppose x + 394489 = 17*a - 12*a, 0 = 5*a - 3*x - 394477. Is a composite?
True
Suppose -5*q + 20 = 5. Suppose 0 = q*i - 4*x + x - 834, -4*i + 2*x = -1104. Is i composite?
True
Let x(i) = i**2 + 3. Let o be x(-3). Let f(v) = 12*v - 3. Let q(w) = 2. Let k(m) = f(m) + 4*q(m). Is k(o) a composite number?
False
Suppose 172378 = -28*w - 39638. Let d = -40 + 58. Is w/d*3/(-2) a composite number?
False
Suppose 2*l - 4*u = 18, 9*l + u - 23 = 4*l. Suppose q + 5*w = 0, -7*q + 2*q = -l*w - 30. Suppose x - 1095 = 7*n - 2*n, -2210 = -2*x + q*n. Is x a prime number?
False
Suppose 0 = -1614*c + 1618*c + 2*y - 854724, -5*y = 3*c - 641071. Is c a prime number?
False
Let r(o) = -5*o**3 - 21*o**2 - 16*o - 17. Let x(m) = -m**3 - 7*m**2 - 5*m - 7. Let q(w) = 3*r(w) - 8*x(w). Let z = -5 - -2. Is q(z) a composite number?
True
Is (((-1878828)/(-35))/(-12))/((-5)/25) composite?
False
Suppose 4*p = -4*s + 1747480, -2*p - 746572 = -2*s + 127172. Is s composite?
False
Suppose 0 = -0*x - 4*x - r + 351762, 263833 = 3*x - 5*r. Suppose -x = -g - 16*g. Is g composite?
True
Let m(d) = 247*d**2 - 56*d - 198. Is m(19) prime?
False
Let q(f) = -f**2. Let i be q(0). Let h = -4264 - -7444. Suppose i = -2*k + 790 + h. Is k a prime number?
False
Suppose 0 = -0*h - 7*h + 14. Suppose 0 = h*n - 10, -35 = -4*p - n + 2. Suppose -1103 = -p*g - 343. Is g a prime number?
False
Suppose 35 = 6*f - 1. Suppose -12*t + 13*t - f = 0. Is 3 + -2*(-93)/t a composite number?
True
Let j be 2/6 + 1/3*-44890. Let m = 28726 + j. Is m prime?
True
Let i(f) = -f**3 + 136*f**2 - 176*f + 2443. Is i(130) composite?
False
Let g(f) = -418*f - 11. Let a(t) = -2*t + 1. Let p(w) = 22*a(w) + g(w). Is p(-3) composite?
True
Suppose 4*d + 34*k - 21198 = 35*k, 3*k - 5293 = -d. Is d a prime number?
False
Let a = 46 + -37. Suppose -2*q + 2*z = -4924, 3*z + a = -0. Is q a composite number?
False
Suppose 0 = 6*a + 70 - 10. Let v(x) = -5*x**3 - 7*x**2 - x - 39. Is v(a) composite?
False
Let l = -111 + 111. Suppose l = 3*w + 3*j - 4*j - 8443, 4*j = -3*w + 8453. Is w a prime number?
False
Let d(z) = z**2 - 16*z - 77. Let m be d(20). Suppose m*w - 7256 = 5*i - 2062, 0 = w - 5*i - 1728. Is w a composite number?
False
Let a(b) = -527*b + 15 - 32 - 631*b. Let g(r) = r**2 - 3*r - 1. Let c be g(1). Is a(c) composite?
False
Let s = 1341 + 130. Is s a composite number?
False
Let v = -2144 + 23521. Is v a composite number?
False
Let v(z) = -z**2 - 13*z - 20. Suppose m = -3, 2*m - 4*m = -4*u - 38. Let n be v(u). Suppose 0 = -n*l - 2*d + 1036, -2*l + 2*d + 1033 = 5*d. Is l composite?
False
Let b(i) = 14860*i**3 + 4*i**2 - 8*i + 11. Is b(2) a composite number?
False
Suppose 175*m - 6341025 = 4461200. Is m composite?
True
Let c(k) = 18*k**2 - 6*k - 21. Let i(g) = 644*g**2 + 4*g - 2. Let l be i(1). Let h be (-2)/(-9) - l/153. Is c(h) a composite number?
True
Suppose -965 = 17*z - 4229. Let k be 1/(-4) + 21/4. Suppose 2*j - z - 155 = -k*c, -3*c = j - 208. Is c prime?
False
Let k = -8 + -1. Let u be k/(4 - (-567)/(-141)). Suppose 5*x + 3523 = 4*t, -5*x - 1326 = -2*t + u. Is t a prime number?
True
Is (74395/4)/((-1416)/96 + 16) prime?
True
Let r = 142093 + -60966. Is r prime?
False
Is (7000968/(-10))/(-26) - 1/(-5) composite?
False
Suppose 0 = 21*j + 69*j - 39808710. Is j composite?
False
Let j(t) = -265*t - 12. Let y be j(12). Let b = -516 - y. Suppose -4*d + b = 2*n, d - n - 675 = -3*n. Is d a composite number?
True
Let n = 2287978 + -1363947. Is n a prime number?
True
Suppose -17 = -0*z + z + 4*v, -3*v - 16 = z. Is 18212/(-2)*z/26 a prime number?
False
Let m = 16 - 18. Let h be 0 + m*(-5)/(-10). Is -4 - 1328/(-4) - h a prime number?
False
Suppose 0*r - 21000 = -7*r. Suppose -28*q + 32*q - r = 0. Suppose -11*l + 3599 = q. Is l composite?
True
Let j(a) = -2*a + 25. Let h be j(8). Let f be 2/11 - h/(-11). Is (f - -1)/((-4)/(-1606)) prime?
False
Let k be (-1362)/(-18) + (-2)/3. Let o = k + 218. Suppose -5*i - 3*t = -2347, -4*i = -2*t - 2153 + o. Is i composite?
False
Let g = 167272 - 103305. Is g a prime number?
False
Is 905377 - -1 - (17/(-5) + (-38)/(-95)) prime?
True
Let r(a) = 2*a**2 + 15*a + 24. Let j be r(-6). Suppose 0 = j*d - 16177 - 12257. Is d prime?
False
Let p be -8 - (-17 + (-24)/(-6)). Suppose -20 = -5*t, 0 = p*s + 6*t - 2*t - 275091. Is s a prime number?
False
Let n(k) = 976*k**2 - 3*k - 8. Let u be n(-6). Suppose -5*b = -4*i - 36985, 3*b - 2*i - u = -12957. Is b composite?
False
Let i = -16 + 104. Let u = -239 + i. Let o = u - -266. Is o a prime number?
False
Let r(s) = -6*s - 60*s + 13 - 44*s. Let b = -327 + 321. Is r(b) composite?
False
Let i be (-42)/105 - (243/(-15))/3. Suppose 2*b + 2*n - 3158 = 0, -i*b + 7899 = 6*n - 2*n. Is b a composite number?
False
Is (-17808)/27048 - (-4)/46 - (-10244662)/14 prime?
True
Suppose 0 = -5*b + 2 + 18, b = -5*m + 19. Let k(f) be the second derivative of 27*f**5/20 + f**4/4 + 2*f**3/3 - 5*f**2/2 + 2*f. Is k(m) prime?
False
Is (-5)/(-2)*(831896/40 - 21) a composite number?
False
Suppose 43*t = 42*t + 25074. Suppose -t - 18243 = -9*g. Is g a composite number?
False
Let g = 64 + -60. Let z be (-14)/g*(-56)/98. Suppose z*r = r + 293. Is r composite?
False
Let v be 2042 - (2 + 7)*20/180. Let i = v - -786. Is i a composite number?
True
Let b(m) = -10 - 102*m - 151*m - 38 - 30. Is b(-7) prime